z and m.
5
Let a(p) = p**3 - 17*p**2 + 8*p + 66. Let c be a(7). Let g = c + 380. What is the greatest common factor of 44 and g?
4
Suppose 2*u - 4*v - 204 = 0, 3*u - 76 = 5*v + 235. Calculate the greatest common factor of u and 217.
7
Let p be 2/((-2)/(-133)) - (-488 + 493). Calculate the greatest common factor of 4288 and p.
64
Let i be (-14)/8*(19 - 31). Suppose -i*x + 22*x = 115. Let r = x - -277. What is the greatest common factor of 49 and r?
49
Let d(n) = 2*n**2 - 5*n + 7. Let i be 0*(-5)/(-35) - (-3)/1. Let a be d(i). Let y be 1*(-1 - -2)*5. Calculate the highest common factor of y and a.
5
Let b(v) = v**3 + 6*v**2 + 5*v + 2. Suppose -9*n - 7*n = 80. Let g be b(n). What is the highest common factor of 14 and g?
2
Suppose -3*c + 111 = -l - 1351, -4*c - 2*l = -1936. Suppose -c*r - 610 = -488*r. What is the greatest common factor of 183 and r?
61
Suppose 4*u + 2*u - 264 = 0. Suppose 3*h = u + 40. Let n = 22 - 15. What is the greatest common divisor of n and h?
7
Suppose -2*n = 8, 3*v + 67*n = 62*n + 106. Calculate the highest common factor of v and 4014.
6
Let d(w) = -w**2 - 463*w - 9868. Let v be d(-23). Suppose 2*b - 199 - 81 = 0. What is the highest common factor of b and v?
28
Suppose 2*l - 3*a = -15, -l + 2*l - 3*a = -6. Let v be (-1101)/l + 6/(-18). Calculate the highest common divisor of 183 and v.
61
Let g = 569 - 505. Suppose -2*d + 2*f = -g, 4*f - 8*f = 3*d - 89. Suppose 4*y - 620 = j, -57 = 2*y - 3*j - 367. What is the highest common divisor of d and y?
31
Let r be (138/483)/(3/2688). What is the highest common factor of r and 224?
32
Let d be (-9*(-9)/(-36))/(4371/(-1456) - -3). Calculate the highest common divisor of d and 84.
84
Let t be (-6113)/(-4) + 3/4. Suppose -t + 739 = -b. What is the greatest common factor of b and 20?
10
Suppose -u - q = -1, 0 = -2*u + 20*q - 16*q - 16. Let t be (175/u)/((-1)/6). Calculate the highest common divisor of 75 and t.
75
Suppose 4*c - 4*y - 1824 = 0, -3*y + 1406 = 5*c - 874. What is the highest common factor of c and 2?
2
Suppose 4*k - 5*d = -4*d + 299, 3*k - 3*d - 222 = 0. Let h be (-15)/6*-50*(-5 - -6). Calculate the highest common factor of k and h.
25
Let j(g) = -g**3 - 4*g**2 - 19*g - 25. Let x be j(-2). Let w(t) = -29*t + 157. Let p be w(x). What is the highest common divisor of p and 8?
4
Let m(x) = 2*x**2 - 99*x + 913. Let w be m(57). What is the greatest common divisor of 272 and w?
136
Let b be -1 + (13 - 5 - 2 - 6*-8). What is the greatest common divisor of b and 3021?
53
Suppose -2*s = -5*w + 2034, 3*w + 1626 = 7*w - s. Suppose -2*b = 5*b - w. Suppose 6*p - b = 266. Calculate the greatest common factor of 18 and p.
18
Suppose 4*w - 26 = b, -5*b = -w - 4 + 1. Let o be (1 - w)/(-6) + 123. Calculate the greatest common divisor of 93 and o.
31
Let d be (-80)/30*3/(-2). Suppose -14 = d*r + 3*f - 243, -f = -5*r + 272. Calculate the greatest common factor of r and 11.
11
Let g = -9322 - -10325. Calculate the highest common divisor of g and 59.
59
Let f(v) = 27*v**2 - 103*v - 17. Let l be f(4). Suppose 2*h + 184 = 2*r, 2*r + 2*h = 241 - 53. Calculate the greatest common factor of l and r.
3
Let p = -183 + 263. Suppose 3*t - 75*a - 32 = -p*a, -20 = -4*t - a. Let u = 126 - 58. Calculate the greatest common factor of u and t.
4
Suppose -2*d = 4*d + 162. Let u = 31 + d. Suppose -k - 4*z + 17 = 7, 5*k - 2 = u*z. What is the highest common factor of 14 and k?
2
Let x be (-660)/(-28) + (-15)/(-35). Suppose 5*j + 28*w = x*w + 475, -j + 2*w + 109 = 0. What is the greatest common divisor of j and 44?
11
Let r = 4423 - 3112. Let c = r + -271. What is the highest common factor of c and 80?
80
Let z be ((-210)/(-9))/((-2)/(-18)). Calculate the highest common divisor of z and 15.
15
Let f be (-1515)/(-20) + 5/4. Suppose -t = h + 2*t - 118, -h - t + 110 = 0. Suppose -120 = -c - h. What is the greatest common divisor of c and f?
7
Let u(j) = -161*j + 21. Let o be (4/(-24)*-6)/1 + -8. Let k be u(o). Calculate the greatest common divisor of k and 28.
28
Suppose 3*t - 37600 = -10*t + 32912. What is the greatest common factor of t and 48?
48
Let x(s) = s**3 - 10*s**2 + 2*s. Let i be x(10). Let n be (-891)/(-77) + -12 + (-174)/(-14). What is the highest common divisor of i and n?
4
Suppose 8*j = 7*j + 4. Suppose -j*a - 3 = -19. Suppose 5*g - 73 = -2*y, -2*y - 3*g + 2*g + 53 = 0. What is the greatest common factor of y and a?
4
Let z = 104 - 101. Suppose -2*f = -o + 6*o - 519, z*f = -o + 96. What is the greatest common factor of o and 7?
7
Let d be 5 - ((-2)/(-2) + 1 + 0). Suppose -5*y + 47 = -3*t, t = -d*y + y + 10. Suppose y*k - 69 = 141. Calculate the greatest common factor of 10 and k.
10
Let h(t) = t**3 - 9*t**2 + 17*t - 17. Let s be h(7). Let q be s/(-42) + 8830/105. What is the highest common divisor of 140 and q?
28
Suppose -61*j - 37*j + 6174 = 0. Let u = 18 + -9. What is the highest common divisor of j and u?
9
Let d = 30736 + -27760. Calculate the highest common divisor of 36 and d.
12
Let q = 569 + -560. Let f(p) = 4*p**2 - 25*p + 35. Let m be f(q). What is the highest common divisor of 67 and m?
67
Suppose -21*l + 27*l + 5270 = 37*l. Suppose 0*s = s - j - 13, -j = 3. Calculate the greatest common divisor of s and l.
10
Let x = -4 - -10. Let n be 220/x - 26/39. Let j be n/(4 - (6 + -3)). Calculate the greatest common factor of 180 and j.
36
Let z(q) = -2*q**2 + 8*q + 21. Let l = -113 + 118. Let u be z(l). Calculate the highest common factor of 55 and u.
11
Let z = 290 + -194. Let t = 89 - 53. Suppose -131 = -4*d + 3*a, -d - 3*a + 7*a = -t. What is the highest common factor of d and z?
32
Suppose 5*s + 6*r = 2245, 19*r + 450 = s + 20*r. What is the greatest common factor of 105 and s?
35
Suppose 0 = 3*d + q - 2798 + 325, 0 = 5*d + q - 4119. Let a = d - 715. Calculate the greatest common factor of a and 60.
12
Suppose q = -22 - 54. Let n = q + 74. Let h be (-3 - n) + 9 - 2. What is the highest common factor of h and 24?
6
Let k be (-88)/(-2) - 6/((-48)/8). Calculate the highest common factor of 15 and k.
15
Let g = 166 + -285. Let p = g + 245. Let q = 407 - 393. Calculate the greatest common factor of q and p.
14
Let x be (336/49)/(56/109172). What is the greatest common divisor of 24 and x?
24
Let o(i) = i**3 - 17*i**2 + 18*i - 23. Let a be o(16). Let d = 139 + -22. What is the greatest common divisor of a and d?
9
Let c be 484/7744 - 43774/(-32). Calculate the highest common factor of c and 60.
12
Suppose 118*i = -2*a + 122*i + 900, 4*i + 2250 = 5*a. Calculate the greatest common factor of 72 and a.
18
Suppose -4*t + 8528 = r, -3*t - 296*r + 6407 = -298*r. Calculate the highest common divisor of 297 and t.
27
Let y = -5729 + 6017. Calculate the highest common divisor of 963 and y.
9
Suppose -10 = -3*w - 4. Suppose -f - 4*m + 4 = -2*m, -2*m - w = 0. Let t be 2/(-3) - 74/(-3). What is the highest common factor of f and t?
6
Let z = 483 - 343. What is the greatest common divisor of 300 and z?
20
Suppose -21 = -3*p - 36*l + 31*l, -l + 1 = -p. Suppose -2*h + 32 = -2*m - 3*m, -p*h + 4*m = -32. What is the highest common divisor of h and 16?
16
Suppose 5*b + 1457 = -5*r + 9582, 0 = -2*r + 5*b + 3250. Calculate the greatest common divisor of r and 1000.
125
Suppose -4*l + 7*l = 2*c - 575, -c = 3*l - 283. What is the highest common factor of 130 and c?
26
Let r = 7423 - 7279. Calculate the greatest common divisor of r and 376.
8
Let d = -2 - -3. Let s = d + 0. Let t = 57640 - 57631. Calculate the highest common factor of s and t.
1
Suppose -5*u + 5*d + 22015 = 0, -2*d + 7*d = u - 4407. Calculate the greatest common divisor of 142 and u.
142
Let g be 1/((-2)/6) + 3. Suppose g*a + 7*a - 21 = 0. Suppose -4*n - 12 = 0, -a*y + n = -53 + 11. Calculate the highest common factor of 169 and y.
13
Suppose g + 0*v + 3*v + 35 = 0, 0 = -4*g + 3*v - 110. Let m be 12/4 + -3 + g. Let y = 7 - m. What is the greatest common divisor of 48 and y?
12
Let k(r) = -r**2 - 5*r + 4. Suppose 5 - 25 = 4*d. Let q be k(d). Suppose 0 = 43*u - 1392 - 156. What is the greatest common factor of u and q?
4
Let v = -36 + 43. Let y(h) = 4*h + 29. Let s be y(v). What is the greatest common divisor of s and 38?
19
Let c(k) = k**3 + 86*k**2 + 765*k - 207. Let q be c(-75). What is the highest common divisor of q and 424?
53
Let x be 1/(-9)